b) = -335*b + 1745. What is u(5)?
70
Let x(d) = 3248*d + 35718. Determine x(-11).
-10
Let n(t) = 31789*t + 413234. Give n(-13).
-23
Let u(t) = -86241*t - 172487. Calculate u(-2).
-5
Let i(h) = 3*h**2 + 466*h - 36082. What is i(-212)?
-42
Let r(o) = -64*o - 7169. Determine r(-57).
-3521
Let c(y) = -150*y - 51134. Give c(-340).
-134
Let t(d) = 24076*d - 1853858. Give t(77).
-6
Let z(q) = q**2 - 144*q - 6612. Determine z(-37).
85
Let j(v) = -1487*v - 340520. Determine j(-229).
3
Let x(w) = -16*w**2 - 591*w + 13594. Give x(-53).
-27
Let t(o) = 716*o**2 - 2787*o - 305. What is t(4)?
3
Let t(u) = 237*u**2 + 1047*u - 2. Give t(-3).
-1010
Let o(v) = -v**3 + 1455*v**2 + 5834*v - 25. Determine o(-4).
-17
Let l(q) = -395*q**2 - 395395*q - 8. Calculate l(-1001).
-8
Let f(i) = i**2 - 41*i + 90. Determine f(28).
-274
Let b(p) = 8239*p + 1310004. Give b(-159).
3
Let c(u) = 322*u + 6463. Determine c(-20).
23
Let p(f) = f**3 + 197*f**2 + 403*f + 2577. What is p(-195)?
42
Let f(g) = -169*g**2 - 181340*g - 3217. Give f(-1073).
2
Let f(x) = -376*x - 1728. Determine f(-4).
-224
Let g(w) = 90713*w + 6168476. Calculate g(-68).
-8
Let k(g) = 3*g**3 - 186*g**2 - 185*g + 25. What is k(63)?
277
Let u(b) = -6*b**3 + 205*b**2 - 409*b - 222. Determine u(32).
2
Let c(f) = 233*f + 7459. Determine c(-31).
236
Let s(y) = 13022*y + 30679. What is s(-2)?
4635
Let u(y) = -97*y**2 - 2825*y + 2826. Calculate u(1).
-96
Let o(t) = 225209*t + 69814795. What is o(-310)?
5
Let t(d) = 4*d**3 + 149*d**2 - 170*d - 6575. Give t(-37).
1084
Let m(s) = 63855*s + 702414. What is m(-11)?
9
Let d(t) = -16*t**2 + 476*t - 4445. What is d(19)?
-1177
Let l(v) = -v**3 + 380*v**2 + 2291*v - 196. What is l(-6)?
-46
Let k(f) = f**3 + 53*f**2 + 145*f + 863. Determine k(-50).
1113
Let r(y) = -73*y**3 - 9*y**2 - 3*y + 29. Calculate r(-2).
583
Let p(u) = 2*u**3 - 691*u**2 + 1037*u - 1518. What is p(344)?
202
Let x(v) = -1795*v - 7897. What is x(-4)?
-717
Let f(v) = v**2 - 366*v + 27086. What is f(263)?
-3
Let l(j) = 88762*j - 176906. Give l(2).
618
Let l(i) = 3*i**3 + 321*i**2 + 791*i + 16922. Give l(-105).
17
Let x(y) = -5*y**3 + 773*y**2 + 309*y + 90. Calculate x(155).
-65
Let r(y) = -2*y**3 - 19*y - 1273. Determine r(0).
-1273
Let t(p) = -p**2 + 1101*p + 74558. Calculate t(-64).
-2
Let a(b) = -b**2 - 806*b - 108535. What is a(-171)?
50
Let j(f) = 85826*f + 85826. What is j(-1)?
0
Let s(t) = -28*t**2 - 2647*t - 1588. What is s(-94)?
-178
Let y(n) = n**2 + 45167*n + 1489379. What is y(-33)?
-43
Let u(w) = 16*w**2 - 761*w - 3306. Give u(-4).
-6
Let l(c) = 3*c**2 - 5413*c + 145719. Give l(1777).
5
Let q(l) = -1142*l - 2392. Determine q(-3).
1034
Let i(y) = -y**3 - 41*y**2 + 141*y + 8549. Determine i(-39).
8
Let r(c) = 2803*c - 787. Calculate r(0).
-787
Let k(f) = 144*f**2 - 1024*f + 20. Calculate k(7).
-92
Let w(h) = -h**3 + h**2 + 655*h + 5644. Calculate w(-18).
10
Let a(d) = 353169*d - 5650728. Give a(16).
-24
Let g(r) = -66*r - 7446. What is g(-111)?
-120
Let m(h) = -h**3 + 35*h**2 - 80*h - 152. Calculate m(31).
1212
Let c(z) = 8*z**2 - 328*z - 1706. Calculate c(-5).
134
Let u(i) = -153*i**2 - 1527*i + 31. Determine u(-10).
1
Let j(l) = 49*l**2 + 109*l + 3. Determine j(-5).
683
Let j(v) = -4712*v - 23502. What is j(-5)?
58
Let a(q) = q**3 + 25*q**2 + 8*q - 1664. Give a(-21).
-68
Let x(f) = -752*f + 142993. Calculate x(190).
113
Let f(g) = -137*g - 27112. Calculate f(-170).
-3822
Let k(g) = 740*g + 42819. Determine k(-58).
-101
Let f(c) = -2*c**3 - 616*c**2 - 14*c - 4734. Determine f(-308).
-422
Let j(c) = -2*c**3 - 56*c**2 + 248*c - 206. Determine j(-32).
50
Let n(h) = -2961*h + 9831. Determine n(3).
948
Let b(q) = -342*q + 851. Calculate b(5).
-859
Let s(g) = 2*g**3 - 413*g**2 + 249*g - 8738. Give s(206).
120
Let r(q) = -703*q + 5512. Give r(8).
-112
Let l(g) = -7*g**3 - 3230*g**2 - 1381*g + 917. What is l(-461)?
-5
Let p(h) = -h**2 + 64*h + 1248. Determine p(-20).
-432
Let t(n) = n**2 - 210*n - 6978. Calculate t(-29).
-47
Let z(t) = 12225*t - 171193. Calculate z(14).
-43
Let t(r) = -34*r**2 + 3058*r + 15264. Give t(-5).
-876
Let s(o) = 14053*o - 42098. Determine s(3).
61
Let x(t) = -4547*t + 136416. What is x(30)?
6
Let c(u) = -14*u**2 - 24021*u - 48002. Determine c(-2).
-16
Let d(a) = -a**3 - 172*a**2 - 3428*a - 247. Calculate d(-149).
-98
Let y(p) = 337329*p + 12143869. Give y(-36).
25
Let k(q) = 504*q**3 + 16*q**2 + 6*q - 9. Give k(-1).
-503
Let m(l) = -3*l**2 - 2694*l + 124293. Determine m(44).
-51
Let f(w) = -86674*w + 5113759. Determine f(59).
-7
Let j(m) = m**3 + 121*m**2 + 335*m - 456. Determine j(1).
1
Let l(k) = -k**3 - 11*k**2 + 365*k + 3843. What is l(19)?
-52
Let c(s) = -21*s**3 - 295*s**2 - 5417*s - 75642. What is c(-14)?
0
Let m(x) = 4424*x - 203237. Determine m(46).
267
Let f(v) = 124562*v - 871944. Calculate f(7).
-10
Let u(t) = -1205*t - 967684. Determine u(-803).
-69
Let n(v) = -2033*v + 128422. Calculate n(63).
343
Let a(d) = 12*d**2 + 475*d + 4634. Give a(-22).
-8
Let m(q) = -4943*q - 439948. Give m(-89).
-21
Let t(u) = -5*u**3 - 307*u**2 - 602*u + 26. Give t(-2).
42
Let p(z) = 10*z**2 - 162*z + 568. What is p(8)?
-88
Let b(g) = -86067*g + 86067. What is b(1)?
0
Let y(z) = -1679*z + 191423. Give y(114).
17
Let d(j) = j**3 + 189*j**2 + 737*j - 353. Calculate d(-185).
202
Let r(t) = -590*t**3 + 1188*t**2 - 17*t + 15. What is r(2)?
13
Let c(x) = -4441*x - 111006. Determine c(-25).
19
Let h(q) = 127*q - 9680. Determine h(76).
-28
Let i(a) = a**3 + 32*a**2 - 734*a - 23490. What is i(-32)?
-2
Let q(z) = 343*z + 7795. Give q(-31).
-2838
Let a(k) = -138073*k - 414182. What is a(-3)?
37
Let o(v) = v**2 - 73002*v + 7581413. Give o(104).
21
Let w(p) = 313*p + 10166. Determine w(-31).
463
Let s(r) = r**3 + 66*r**2 - 468*r - 26865. Determine s(-67).
2
Let u(n) = -2*n**3 - 50*n**2 - 756*n - 7426. Calculate u(-16).
62
Let t(u) = -57*u**2 + 121*u - 9. Calculate t(2).
5
Let m(h) = -h**3 - 56*h**2 - 124*h - 10325. Give m(-57).
-8
Let j(w) = -7150*w - 35641. Calculate j(-5).
109
Let s(k) = -k**3 + 24*k**2 - 175*k - 39. Give s(20).
-1939
Let q(r) = r**3 + 62*r**2 + 947*r + 40. What is q(-29)?
330
Let f(j) = -106*j**2 + 61688*j + 2302. Give f(582).
-26
Let a(x) = -40*x - 8466. What is a(-209)?
-106
Let m(t) = 17*t**2 - 246*t + 386. Determine m(13).
61
Let n(t) = 7*t**2 - 1627*t + 10751. Calculate n(226).
581
Let u(v) = v**3 + 18*v**2 + 133*v + 673. Calculate u(-11).
57
Let c(t) = -55137*t - 2867118. Give c(-52).
6
Let u(g) = 3976*g - 182896. Give u(46).
0
Let u(w) = -11183*w - 1252501. Give u(-112).
-5
Let d(b) = 199*b + 719. What is d(-2)?
321
Let i(t) = -t**3 + 15*t**2 + 93*t - 1472. Determine i(14).
26
Let g(w) = -3*w**3 + 11*w**2 + 1563*w + 11996. Determine g(-12).
8
Let f(j) = -1819*j + 894. Calculate f(1).
-925
Let x(q) = -q**3 + 69*q**2 + 3*q + 9857. Calculate x(71).
-12
Let p(f) = -f**3 + 924*f**2 + 101289*f - 12267. Determine p(1023).
9
Let n(u) = -u**3 - 112*u**2 - 416*u + 12708. What is n(-107)?
-25
Let w(t) = -1641*t + 408743. Determine w(249).
134
Let k(u) = -u**2 + 491*u - 51918. Calculate k(154).
-20
Let g(a) = a**3 + 169*a**2 - 3788*a - 11. Give g(20).
-171
Let i(f) = 56*f**3 - 3*f**2 - 560*f - 6. Give i(0).
-6
Let y(x) = -7*x**3 + 10*x**2 + 399*x - 1557. Determine y(4).
-249
Let u(n) = -409*n - 11349. Give u(-28).
103
Let f(x) = 3*x**3 - 95*x**2 + 510*x - 8. Give f(7).
-64
Let k(l) = -2*l**2 + 44086*l + 220463. What is k(-5)?
-17
Let i(f) = 103*f + 1260. Give i(-26).
-1418
Let c(r) = r**3 - 55*r**2 + 758*r - 31. Calculate c(30).
209
Let d(h) = h**3 - 62*h**2 - 1541*h - 179842. Determine d(97).
-4
Let z(j) = 2*j**3 - 105*j**2 + 253*j - 112. What is z(50)?
38
Let t(p) = 119*p**2 + 2855*p - 23. Calculate t(-24).
1
Let h(g) = 55*g**2 - 619*g - 4733. Give h(-5).
-263
Let j(t) = t**3 - 35*t**2 + 70*t - 1328. Calculate j(34).
-104
Let h(n) = 7761*n + 162943. Give h(-21).
-38
Let w(m) = 3*m**3 - 1828*m**2 - 3654*m + 2. Calculate w(-2).
-26
Let z(r) = 8*r**2 + 9075*r + 392171. Determine z(-45).
-4
Let v(c) = c**3 + 1452*c**2 + 10111*c - 22. Give v(-7).
6
Let i(r) = 2339*r**2 - 14051*r. Give i(6).
-102
Let h(f) = -39*f**2 - 479*f - 431. Determine h(-12).
-299
Let d(a) = -281*a - 827. Determine d(-13).
2826
Let k(c) = 9*c**2 - 405*c + 2387. What is k(38)?
-7
Let d(k) = -k**3 + 75*k**2 - 1341*k